3*c = 2*r + 2*r - 45. Suppose r*z - v*z - 68 = 0. What are the prime factors of z?
2, 17
Suppose 339 = 4*m - 477. Suppose 10*y = m + 2516. What are the prime factors of y?
2, 17
Let m be (-6)/18 - 277/(-3). Suppose 0 = 2*c - 355 + 91. Let j = c - m. List the prime factors of j.
2, 5
Suppose 0 = -2*t + 10, 17 = 3*x + 4*t - 12. Suppose 6*b - x*b = 0. Suppose b = 3*c + c - 200. List the prime factors of c.
2, 5
Let n be (-16)/6 - 32/(-48). Let p be 30/(-12)*(-22 + n). Suppose -s - 17 + p = 0. List the prime factors of s.
43
Suppose 5*x = -69 - 71. List the prime factors of (-1119)/(-7) + (80/x - -3).
2, 5
Let v = -7 + 11. Suppose g - 532 = -v*o, 4*g - g = 4*o - 516. List the prime factors of o.
2, 3, 11
Let o(y) = 6*y**3 - 2*y**2 + 3*y + 3. Let d be o(3). Let a be 12/9*d/(-8). Let x = a - -101. List the prime factors of x.
3, 5
Suppose 1 = 2*z - 3. Suppose 0 = -4*v + 234 - z. List the prime factors of v.
2, 29
Suppose 4*x = 5*m - 145, -5*x = 5*m - 0*x - 145. Suppose -5*l + 1 = -m. Suppose -2*t - 3*t + 12 = 2*z, 0 = z + 4*t - l. List the prime factors of z.
2, 3
Suppose -4*k - 11*r = -7*r - 544, 4*r + 387 = 3*k. What are the prime factors of k?
7, 19
Suppose -4*t - 2*u = -116, 4*t + 5*u - 49 - 73 = 0. Suppose 3*m + t - 214 = 0. List the prime factors of m.
2, 31
Suppose 5*k = q - 619, 0 = -25*q + 20*q - 2*k + 3176. What are the prime factors of q?
2, 317
Let a = -6 + 3. Let y be -3 + 4 + (-3)/a. Suppose 4*x + y*u + 0*u = 154, -113 = -3*x - 2*u. What are the prime factors of x?
41
Suppose -9 = q - 2*q. Suppose -195 = -3*j + q. Suppose 3*u - j = -u. What are the prime factors of u?
17
Let l(p) = p**3 + 4*p**2 + 8. Let g(q) = 6*q**3 + 21*q**2 - q + 41. Let x(c) = -2*g(c) + 11*l(c). List the prime factors of x(-4).
2, 47
Suppose 4*m - 201 = 2*n - 897, 3*n - m = 1039. What are the prime factors of n?
2, 173
Let h be 4/(-14) - (-1472)/56. Suppose 2*f - h = 20. What are the prime factors of f?
23
Let k(b) be the first derivative of 2*b**3/3 + 1. Let j = 70 + -65. What are the prime factors of k(j)?
2, 5
Let c = 3394 - 2347. List the prime factors of c.
3, 349
Let j(z) = z + 3. Let u be j(2). Suppose -15 + 30 = u*w. Suppose 3*n + p = 128, w*p - 158 - 11 = -4*n. What are the prime factors of n?
43
Suppose h - 6*n = -9*n - 5, n - 2 = -4*h. Let r(s) = 271*s. What are the prime factors of r(h)?
271
Let q(u) = u**3 - 27*u**2 + 58*u + 82. List the prime factors of q(25).
2, 3, 47
Suppose 3*o + 4*a - 83 = 0, o - 4*a + 41 = 2*o. Let d = 544 + -369. Suppose -4*l + d = -o. List the prime factors of l.
7
Let v(r) = -2*r + 3. Let g be v(2). List the prime factors of 3/(g - 258/(-249)).
83
Suppose 100*h + 253 = 111*h. What are the prime factors of h?
23
Let u(t) = 49*t**2 + 13*t + 36. What are the prime factors of u(7)?
2, 79
Let o(y) = -y**3 + 8*y**2 - 7*y - 7. Let l be o(5). Suppose -j = -5*x + 2*j + 56, -4*x + 5*j = -37. Let c = l - x. List the prime factors of c.
2, 5
Let q(t) be the second derivative of -83*t**3/6 + t**2 + 5*t. Let l be q(2). List the prime factors of (-2)/5 + l/(-10).
2
Suppose -5*t + 5*y = -35, t - 3*y - 2 - 11 = 0. Suppose 0 = t*z - 12. Let w(g) = g**3 + 3*g**2 - 3*g + 6. List the prime factors of w(z).
3, 17
Let z(k) = -73*k + 8. Let y be z(-2). Suppose 6*i - 610 + y = 0. What are the prime factors of i?
2, 19
Let p = -54 + 149. List the prime factors of p.
5, 19
Let g(w) = w**2 - 22*w - 48. Let a be g(27). Suppose s - 4*i - 416 = -a, -2*s + 603 = 3*i. What are the prime factors of s?
3, 103
Let g(n) = 3*n - 11. Let v be g(4). Let t be v/(2 + -3)*-88. Suppose -3*b + 2*s + 3*s + t = 0, -b - 4*s = -1. List the prime factors of b.
3, 7
Let j(r) = -r + 7. Let w be j(-7). Suppose i + 0*g + 2*g = 2, 0 = -2*i + g + w. Let p = -4 + i. What are the prime factors of p?
2
Let z(a) = 7*a**2 + 13*a + 24. Let r = 78 + -84. What are the prime factors of z(r)?
2, 3, 11
Let w(r) = 14*r - 6. Let f be w(4). Let v = -28 + f. List the prime factors of 20/110 + 1162/v.
53
Suppose -4878 = -4*y - p + 3045, 0 = 3*p + 15. What are the prime factors of y?
2, 991
List the prime factors of 3 + 21540/8 + (-2)/(-4).
2, 337
Suppose 1084 = 5*k + 44. List the prime factors of k.
2, 13
Let q be (-6)/21 + 2599/7. Let a = 723 - q. What are the prime factors of (-2)/(-6) - a/(-6)?
59
Let a(h) be the third derivative of -h**5/60 + 13*h**4/24 + 5*h**3/6 + 5*h**2. What are the prime factors of a(7)?
47
Let q be 5/(16 + -1)*0. Suppose 2*c - 4*c + 52 = q. List the prime factors of c.
2, 13
Let i = 2014 - 478. Suppose i = 3*x + 5*x. List the prime factors of x.
2, 3
Suppose 0*b - b = n + 3, 2*n + 4 = 0. What are the prime factors of (-203)/b - (4 + -7)?
2, 103
Suppose -d = 2*o - 446, 2*o - 1794 - 412 = -5*d. What are the prime factors of d?
2, 5, 11
Let m be (-47)/(-4)*(-2 - -6). Suppose 2*u = 35 - 31. Suppose m = 3*a - u*a. What are the prime factors of a?
47
Let h(a) = a + 2. Let o be h(2). Suppose 9*x - o*x - 95 = 0. What are the prime factors of x?
19
Suppose 0 = 2*d - 5*d. Suppose -3*h + 20 = 3*w + w, 4*h + w - 44 = d. Suppose -h = -2*c - 2*c. List the prime factors of c.
3
Let m(p) = -p - 16. Let h be m(-12). What are the prime factors of h/(-6)*-3 + 62?
2, 3, 5
Suppose -3*r = z - 4*z + 16086, -2*r = -z + 5363. List the prime factors of z.
3, 1787
Let l = -1 - 2. Let p = 8 - l. List the prime factors of p.
11
Let g(j) = -j**2 - 27*j + 23. What are the prime factors of g(-11)?
199
Let c(g) = -9*g + 8. Let b(m) = m + 1. Let s(h) = -3*b(h) - c(h). What are the prime factors of s(7)?
31
Let y be ((-24)/16)/((-1)/4) - 2. What are the prime factors of y/(-12) + 32/6?
5
Suppose -6*x + 692 = -1456. What are the prime factors of x?
2, 179
Let a = 76 - 74. List the prime factors of 102*a + -4 + (2 - 5).
197
Let w(x) = x**3 - 5*x**2 + 6*x - 8. Let l = 1 - -3. Let u be w(l). Suppose 8*r - 280 = -u*r. List the prime factors of r.
5, 7
Suppose -3*n - d + 137 = 0, 3*n - 4*d - 201 = -59. Suppose n - 4 = 6*y. List the prime factors of y.
7
Suppose -59*y + 57*y + 4 = 0. Suppose -y*t + 74 = 26. List the prime factors of t.
2, 3
Let w = -1283 + 1973. List the prime factors of w.
2, 3, 5, 23
Let p(f) = 9*f**2 - f + 3. Let s = -35 + 9. Let t be s/(-91) - (-12)/7. List the prime factors of p(t).
37
Let t(m) = 2*m**3 - 3*m**2 - 2. Let s be t(3). Suppose 4*o + 90 = 5*b, -3*b - 2*o - s = -101. Suppose 4*l - 158 = -b. List the prime factors of l.
2, 17
Suppose -6130 - 8998 = -4*z. List the prime factors of z.
2, 31, 61
Let c(n) = -17*n**3 - 2*n**2 - 20*n - 28. List the prime factors of c(-4).
2, 277
Let r be 2/4*-1*4. Let z(q) = 88*q + 45. Let d(c) = 43*c + 20. Let x(u) = -7*d(u) + 3*z(u). What are the prime factors of x(r)?
3, 23
Let m be (-2 - (-20)/6)*-48. Let n be 23/4 + 48/m. Suppose -n*d - 192 = -8*d. What are the prime factors of d?
2
Let k = -8 - -297. List the prime factors of k.
17
Suppose -297 = 11*s - 14*s. Let n = s - 1. List the prime factors of n.
2, 7
Suppose -4 = -2*y, 4*s + 23*y - 276 = 19*y. List the prime factors of s.
67
Suppose -18 = -5*b + 4*n + 459, 0 = -2*n - 6. List the prime factors of b.
3, 31
Let d be (891/(-6))/((-2)/12). Suppose -29 = -5*z + d. What are the prime factors of z?
2, 23
Suppose 1148 = q + 3*q. Suppose -44 + q = 3*g. What are the prime factors of g?
3
Let t be 204/21 - (-10)/35. What are the prime factors of t*5/(50/56)?
2, 7
Let u(g) = 7*g - 24*g - 29 + 15*g. What are the prime factors of u(-24)?
19
Let n(v) = -3*v**2 + v + 6. Let r = 16 - 19. Let z be n(r). Let f = z - -66. What are the prime factors of f?
2, 3, 7
Suppose 5*p - 33 = -8. Let b(y) = 10 + y + 5 + 2 - p. What are the prime factors of b(-9)?
3
Let n = 27 + -24. Suppose b + 2 = n*b. Suppose -2*w = -5*o - b, -2*w + 5*o + 4 = w. What are the prime factors of w?
3
Let p(q) = 5*q**2 - 8*q + 12. List the prime factors of p(5).
97
Let o be 76/(0 - 4) + 3. What are the prime factors of -2 + 50 + o/4?
2, 11
Let y = 431 + -308. List the prime factors of y.
3, 41
Suppose 102*m - 97*m - 40 = 0. Let d(a) = -2*a**3 + 19*a**2 - 9*a - 12. List the prime factors of d(m).
2, 3
Let z = 29 + -25. Suppose -3*l + 5*s = -17 - 247, 0 = -z*s. What are the prime factors of l?
2, 11
Let z(p) = 3490*p**3 + 4*p**2 + 6*p - 8. List the prime factors of z(1).
2, 3, 97
What are the prime factors of (-8 - -4)*(-3063)/12?
1021
Su